{"id":4283,"date":"2024-09-09T18:55:25","date_gmt":"2024-09-09T21:55:25","guid":{"rendered":"https:\/\/vivatatuape.com.br\/app\/?page_id=4283"},"modified":"2024-09-09T19:22:54","modified_gmt":"2024-09-09T22:22:54","slug":"exclusao-app","status":"publish","type":"page","link":"https:\/\/vivatatuape.com.br\/app\/exclusao-app\/","title":{"rendered":"exclus\u00e3o app"},"content":{"rendered":"<p>Fa\u00e7a a sua solicita\u00e7\u00e3o de exclus\u00e3o de dados do app Viva Tatuap\u00e9.<br \/>\nentre em contato pelo email: <strong>appvivatatuape@gmail.com <\/strong>com o assunto: <strong>exclus\u00e3o de dados.<\/strong><\/p>\n\n","protected":false},"excerpt":{"rendered":"<p>Fa\u00e7a a sua solicita\u00e7\u00e3o de exclus\u00e3o de dados do app Viva Tatuap\u00e9. entre em contato pelo email: appvivatatuape@gmail.com com o assunto: exclus\u00e3o de dados.<\/p>\n","protected":false},"author":1,"featured_media":0,"parent":0,"menu_order":0,"comment_status":"closed","ping_status":"closed","template":"","meta":{"footnotes":""},"class_list":["post-4283","page","type-page","status-publish"],"yoast_head":"<!-- This site is optimized with the Yoast SEO plugin v25.4 - https:\/\/yoast.com\/wordpress\/plugins\/seo\/ -->\n<title>exclus\u00e3o app - appvivatatuap\u00e9<\/title>\n<meta name=\"robots\" content=\"index, follow, max-snippet:-1, max-image-preview:large, max-video-preview:-1\" \/>\n<link rel=\"canonical\" href=\"https:\/\/vivatatuape.com.br\/app\/exclusao-app\/\" \/>\n<meta property=\"og:locale\" content=\"pt_BR\" \/>\n<meta property=\"og:type\" content=\"article\" \/>\n<meta property=\"og:title\" content=\"exclus\u00e3o app - appvivatatuap\u00e9\" \/>\n<meta property=\"og:description\" content=\"Fa\u00e7a a sua solicita\u00e7\u00e3o de exclus\u00e3o de dados do app Viva Tatuap\u00e9. entre em contato pelo email: appvivatatuape@gmail.com com o assunto: exclus\u00e3o de dados.\" \/>\n<meta property=\"og:url\" content=\"https:\/\/vivatatuape.com.br\/app\/exclusao-app\/\" \/>\n<meta property=\"og:site_name\" content=\"appvivatatuap\u00e9\" \/>\n<meta property=\"article:publisher\" content=\"https:\/\/facebook.com\/appvivatatuape\" \/>\n<meta property=\"article:modified_time\" content=\"2024-09-09T22:22:54+00:00\" \/>\n<meta name=\"twitter:card\" content=\"summary_large_image\" \/>\n<meta name=\"twitter:label1\" content=\"Est. tempo de leitura\" \/>\n\t<meta name=\"twitter:data1\" content=\"1 minuto\" \/>\n<script type=\"application\/ld+json\" class=\"yoast-schema-graph\">{\"@context\":\"https:\/\/schema.org\",\"@graph\":[{\"@type\":\"WebPage\",\"@id\":\"https:\/\/vivatatuape.com.br\/app\/exclusao-app\/\",\"url\":\"https:\/\/vivatatuape.com.br\/app\/exclusao-app\/\",\"name\":\"exclus\u00e3o app - appvivatatuap\u00e9\",\"isPartOf\":{\"@id\":\"https:\/\/vivatatuape.com.br\/app\/#website\"},\"datePublished\":\"2024-09-09T21:55:25+00:00\",\"dateModified\":\"2024-09-09T22:22:54+00:00\",\"breadcrumb\":{\"@id\":\"https:\/\/vivatatuape.com.br\/app\/exclusao-app\/#breadcrumb\"},\"inLanguage\":\"pt-BR\",\"potentialAction\":[{\"@type\":\"ReadAction\",\"target\":[\"https:\/\/vivatatuape.com.br\/app\/exclusao-app\/\"]}]},{\"@type\":\"BreadcrumbList\",\"@id\":\"https:\/\/vivatatuape.com.br\/app\/exclusao-app\/#breadcrumb\",\"itemListElement\":[{\"@type\":\"ListItem\",\"position\":1,\"name\":\"In\u00edcio\",\"item\":\"https:\/\/vivatatuape.com.br\/app\/\"},{\"@type\":\"ListItem\",\"position\":2,\"name\":\"exclus\u00e3o app\"}]},{\"@type\":\"WebSite\",\"@id\":\"https:\/\/vivatatuape.com.br\/app\/#website\",\"url\":\"https:\/\/vivatatuape.com.br\/app\/\",\"name\":\"Cadastro App Viva Tatuap\u00e9\",\"description\":\"App VivaTatuap\u00e9 - O Tatuap\u00e9 na Palma da sua M\u00e3o\",\"potentialAction\":[{\"@type\":\"SearchAction\",\"target\":{\"@type\":\"EntryPoint\",\"urlTemplate\":\"https:\/\/vivatatuape.com.br\/app\/?s={search_term_string}\"},\"query-input\":{\"@type\":\"PropertyValueSpecification\",\"valueRequired\":true,\"valueName\":\"search_term_string\"}}],\"inLanguage\":\"pt-BR\"}]}<\/script>\n<!-- \/ Yoast SEO plugin. -->","yoast_head_json":{"title":"exclus\u00e3o app - appvivatatuap\u00e9","robots":{"index":"index","follow":"follow","max-snippet":"max-snippet:-1","max-image-preview":"max-image-preview:large","max-video-preview":"max-video-preview:-1"},"canonical":"https:\/\/vivatatuape.com.br\/app\/exclusao-app\/","og_locale":"pt_BR","og_type":"article","og_title":"exclus\u00e3o app - appvivatatuap\u00e9","og_description":"Fa\u00e7a a sua solicita\u00e7\u00e3o de exclus\u00e3o de dados do app Viva Tatuap\u00e9. entre em contato pelo email: appvivatatuape@gmail.com com o assunto: exclus\u00e3o de dados.","og_url":"https:\/\/vivatatuape.com.br\/app\/exclusao-app\/","og_site_name":"appvivatatuap\u00e9","article_publisher":"https:\/\/facebook.com\/appvivatatuape","article_modified_time":"2024-09-09T22:22:54+00:00","twitter_card":"summary_large_image","twitter_misc":{"Est. tempo de leitura":"1 minuto"},"schema":{"@context":"https:\/\/schema.org","@graph":[{"@type":"WebPage","@id":"https:\/\/vivatatuape.com.br\/app\/exclusao-app\/","url":"https:\/\/vivatatuape.com.br\/app\/exclusao-app\/","name":"exclus\u00e3o app - appvivatatuap\u00e9","isPartOf":{"@id":"https:\/\/vivatatuape.com.br\/app\/#website"},"datePublished":"2024-09-09T21:55:25+00:00","dateModified":"2024-09-09T22:22:54+00:00","breadcrumb":{"@id":"https:\/\/vivatatuape.com.br\/app\/exclusao-app\/#breadcrumb"},"inLanguage":"pt-BR","potentialAction":[{"@type":"ReadAction","target":["https:\/\/vivatatuape.com.br\/app\/exclusao-app\/"]}]},{"@type":"BreadcrumbList","@id":"https:\/\/vivatatuape.com.br\/app\/exclusao-app\/#breadcrumb","itemListElement":[{"@type":"ListItem","position":1,"name":"In\u00edcio","item":"https:\/\/vivatatuape.com.br\/app\/"},{"@type":"ListItem","position":2,"name":"exclus\u00e3o app"}]},{"@type":"WebSite","@id":"https:\/\/vivatatuape.com.br\/app\/#website","url":"https:\/\/vivatatuape.com.br\/app\/","name":"Cadastro App Viva Tatuap\u00e9","description":"App VivaTatuap\u00e9 - O Tatuap\u00e9 na Palma da sua M\u00e3o","potentialAction":[{"@type":"SearchAction","target":{"@type":"EntryPoint","urlTemplate":"https:\/\/vivatatuape.com.br\/app\/?s={search_term_string}"},"query-input":{"@type":"PropertyValueSpecification","valueRequired":true,"valueName":"search_term_string"}}],"inLanguage":"pt-BR"}]}},"_links":{"self":[{"href":"https:\/\/vivatatuape.com.br\/app\/wp-json\/wp\/v2\/pages\/4283","targetHints":{"allow":["GET"]}}],"collection":[{"href":"https:\/\/vivatatuape.com.br\/app\/wp-json\/wp\/v2\/pages"}],"about":[{"href":"https:\/\/vivatatuape.com.br\/app\/wp-json\/wp\/v2\/types\/page"}],"author":[{"embeddable":true,"href":"https:\/\/vivatatuape.com.br\/app\/wp-json\/wp\/v2\/users\/1"}],"replies":[{"embeddable":true,"href":"https:\/\/vivatatuape.com.br\/app\/wp-json\/wp\/v2\/comments?post=4283"}],"version-history":[{"count":4,"href":"https:\/\/vivatatuape.com.br\/app\/wp-json\/wp\/v2\/pages\/4283\/revisions"}],"predecessor-version":[{"id":4290,"href":"https:\/\/vivatatuape.com.br\/app\/wp-json\/wp\/v2\/pages\/4283\/revisions\/4290"}],"wp:attachment":[{"href":"https:\/\/vivatatuape.com.br\/app\/wp-json\/wp\/v2\/media?parent=4283"}],"curies":[{"name":"wp","href":"https:\/\/api.w.org\/{rel}","templated":true}]}}