{"id":880,"date":"2016-01-22T19:33:55","date_gmt":"2016-01-22T19:33:55","guid":{"rendered":"http:\/\/vivatatuape.com.br\/portal\/?page_id=880"},"modified":"2020-09-08T17:17:12","modified_gmt":"2020-09-08T17:17:12","slug":"planos-de-divulgacao","status":"publish","type":"page","link":"https:\/\/vivatatuape.com.br\/portal\/planos-de-divulgacao\/","title":{"rendered":"Planos de Divulga\u00e7\u00e3o"},"content":{"rendered":"<h3> Plano Evento\/Unit\u00e1rio<\/h3>\n<p>Indicado para qualquer segmento ou empresa em busca de a\u00e7\u00f5es pontuais e divulga\u00e7\u00f5es programadas. Ex. Eventos, promo\u00e7\u00f5es ou a\u00e7\u00f5es de curta dura\u00e7\u00e3o<\/p>\n<p><strong>Op\u00e7\u00e3o 2<\/strong><br \/>\n\u2022 1 post no Feed do Facebook<br \/>\n\u2022 1 post no Feed do Instagram<br \/>\n\u2022 1 post no Stories do Instagram<br \/>\n\u2022 1 post no Stories do Facebook<br \/>\n\u2022 Permitido at\u00e9 2 fotos nos stories<\/p>\n<p><strong>Op\u00e7\u00e3o 2<\/strong><br \/>\n\u2022 1 post no Feed do Facebook<br \/>\n\u2022 1 post no Feed do Instagram<br \/>\n\u2022 1 post no Stories do Instagram<br \/>\n\u2022 1 post no Stories do Facebook<br \/>\n\u2022 Permitido at\u00e9 4 fotos no stories<\/p>\n<hr>\n<h3> Plano Inaugura\u00e7\u00e3o<\/h3>\n<p>Indicado para empresas que precisam divulgar sua chegada no bairro para o maior n\u00famero de pessoas, informando sobre a inaugura\u00e7\u00e3o da empresa e seus produtos e servi\u00e7os<\/p>\n<p>\u2022 Mat\u00e9ria com release sobre a empresa no site vivatatuape.com.br<br \/>\n<strong>3 Posts no Facebook do Viva Tatuap\u00e9 &#8211; Feed<\/strong><br \/>\n\u2022 1 &#8211; Chamada de que a casa vai inaugurar.<br \/>\n\u2022 1 \u2013Cobertura da inaugura\u00e7\u00e3o<br \/>\n\u2022 1 &#8211; Com material posterior a inaugura\u00e7\u00e3o e servi\u00e7os da empresa<\/p>\n<p><strong>3 Posts no Instagram do Viva Tatuap\u00e9 &#8211; Feed<\/strong><br \/>\n\u2022 1 chamada de que a casa vai inaugurar<br \/>\n\u2022 1 Cobertura da inaugura\u00e7\u00e3o<br \/>\n\u2022 1 sobre produto ou casa posterior a inaugura\u00e7\u00e3o<\/p>\n<p><strong>Stories<\/strong><br \/>\n\u2022 3 Posts no Stories do Instagram do Viva Tatuap\u00e9<br \/>\n\u2022 3 Posts no Stories do Instagram do Viva Tatuap\u00e9<br \/>\nAt\u00e9 4 fotos no stories<\/p>\n<hr>\n<p><strong>Planos de divulga\u00e7\u00e3o cont\u00ednuos:<\/strong><\/p>\n<h3> Plano 20<\/h3>\n<p><strong>Op\u00e7\u00e3o 1<\/strong><br \/>\n\u2022 2 Posts na rede social Facebook do Viva Tatuap\u00e9<br \/>\n\u2022 2 Posts na rede social Instagram do Viva Tatuap\u00e9<br \/>\n\u2022 2 Posts no Stories do Instagram do Viva Tatuap\u00e9<br \/>\n\u2022 2 Posts no Stories do Facebook do Viva Tatuap\u00e9<br \/>\n\u2022 At\u00e9 2 fotos no stories<br \/>\n\u2022 Mat\u00e9ria sobre a empresa no site do Viva Tatuap\u00e9<br \/>\n\u2022 At\u00e9 20 mil visualiza\u00e7\u00f5es de Banner da sua empresa no Site do Viva Tatuap\u00e9<br \/>\n\u2022 Postagens a cada 15 dias<\/p>\n<p><strong>Op\u00e7\u00e3o 2<\/strong><br \/>\n\u2022 2 Posts na rede social Facebook do Viva Tatuap\u00e9<br \/>\n\u2022 2 Posts na rede social Instagram do Viva Tatuap\u00e9<br \/>\n\u2022 2 Posts no Stories do Instagram do Viva Tatuap\u00e9<br \/>\n\u2022 2 Posts no Stories do Facebook do Viva Tatuap\u00e9<br \/>\n\u2022 At\u00e9 2 fotos no stories<br \/>\n\u2022 Mat\u00e9ria sobre a empresa no site do Viva Tatuap\u00e9<br \/>\n\u2022 At\u00e9 20 mil visualiza\u00e7\u00f5es de Banner da sua empresa no Site do Viva Tatuap\u00e9<br \/>\n\u2022 Postagens a cada 15 dias<br \/>\n\u2022 At\u00e9 4 fotos no stories<\/p>\n<hr>\n<h3>Plano 30<\/h3>\n<p><strong>Op\u00e7\u00e3o 1<\/strong><br \/>\n\u2022 3 Posts na rede social Facebook do Viva Tatuap\u00e9<br \/>\n\u2022 3 Posts na rede social Instagram do Viva Tatuap\u00e9<br \/>\n\u2022 3 Posts no Stories do Instagram do Viva Tatuap\u00e9<br \/>\n\u2022 3 Posts no Stories do Facebook do Viva Tatuap\u00e9<br \/>\n\u2022 At\u00e9 2 fotos no stories<br \/>\n\u2022 Mat\u00e9ria sobre a empresa no site Viva Tatuap\u00e9<br \/>\n\u2022 At\u00e9 30 mil visualiza\u00e7\u00f5es de Banner da sua empresa no Site do Viva Tatuap\u00e9<br \/>\n\u2022 Postagens a cada 10 dias<\/p>\n<p><strong>Op\u00e7\u00e3o 2<\/strong><br \/>\n\u2022 At\u00e9 4 fotos no stories<br \/>\n\u2022 3 Posts na rede social Facebook do Viva Tatuap\u00e9<br \/>\n\u2022 3 Posts na rede social Instagram do Viva Tatuap\u00e9<br \/>\n\u2022 3 Posts no Stories do Instagram do Viva Tatuap\u00e9<br \/>\n\u2022 3 Posts no Stories do Facebook do Viva Tatuap\u00e9<br \/>\n\u2022 At\u00e9 2 fotos no stories<br \/>\n\u2022 Mat\u00e9ria sobre a empresa no site Viva Tatuap\u00e9<br \/>\n\u2022 At\u00e9 30 mil visualiza\u00e7\u00f5es de Banner da sua empresa no Site do Viva Tatuap\u00e9<br \/>\n\u2022 Postagens a cada 10 dias<\/p>\n<hr>\n<h3>Plano 40<\/h3>\n<p><strong>Op\u00e7\u00e3o 1<\/strong><br \/>\n\u2022 4 Posts na rede social Facebook do Viva Tatuap\u00e9<br \/>\n\u2022 4 Posts na rede social Instagram do Viva Tatuap\u00e9<br \/>\n\u2022 4 Posts no Stories do Instagram do Viva Tatuap\u00e9<br \/>\n\u2022 4 Posts no Stories do Facebook do Viva Tatuap\u00e9<br \/>\n\u2022 At\u00e9 2 fotos no stories<br \/>\n\u2022 Mat\u00e9ria sobre a empresa no site Viva Tatuap\u00e9 + (Home Page)<br \/>\n\u2022 At\u00e9 40 mil visualiza\u00e7\u00f5es de Banner da sua empresa no Site do Viva Tatuap\u00e9<br \/>\n\u2022 Postagens a cada 10 dias<\/p>\n<p><strong>Op\u00e7\u00e3o 2<\/strong><br \/>\n\u2022 4 Posts na rede social Facebook do Viva Tatuap\u00e9<br \/>\n\u2022 4 Posts na rede social Instagram do Viva Tatuap\u00e9<br \/>\n\u2022 4 Posts no Stories do Instagram do Viva Tatuap\u00e9<br \/>\n\u2022 4 Posts no Stories do Facebook do Viva Tatuap\u00e9<br \/>\n\u2022 At\u00e9 2 fotos no stories<br \/>\n\u2022 Mat\u00e9ria sobre a empresa no site Viva Tatuap\u00e9 + (Home Page)<br \/>\n\u2022 At\u00e9 40 mil visualiza\u00e7\u00f5es de Banner da sua empresa no Site do Viva Tatuap\u00e9<br \/>\n\u2022 Postagens a cada 10 dias<br \/>\n\u2022 At\u00e9 4 fotos no stories<\/p>\n<hr>\n<h3>Plano Stories<\/h3>\n<p>Quer anunciar sua empresa nos Stories do Viva Tatuap\u00e9? Voc\u00ea pode fazer com posts individuais<br \/>\nou atrav\u00e9s de um dos nossos planos.<\/p>\n<p>Postagens unit\u00e1ria nos Stories do Viva Tatuap\u00e9 (Instagram e Facebook)<br \/>\nA Postagem pode ter o Link de acesso a uma p\u00e1gina externa (rolar para cima)<\/p>\n<p><strong>Op\u00e7\u00e3o 1<\/strong><br \/>\n\u2022 At\u00e9 2 fotos no stories<br \/>\n\u2022 (1 Post no Stories do Facebook + 1 Post no Stories do Instagram)<br \/>\n\u2022 (2 Posts no Stories do Facebook + 2 Posts no Stories do Instagram)<br \/>\n\u2022 (4 Posts no Stories do Facebook + 4 Posts no stories do Instagram)<\/p>\n<p><strong>Op\u00e7\u00e3o 2 <\/strong><br \/>\n\u2022 At\u00e9 4 fotos no stories<br \/>\n\u2022 (1 Post no Stories do Facebook + 1 Post no Stories do Instagram)<br \/>\n\u2022 (2 Posts no Stories do Facebook + 2 Posts no Stories do Instagram)<br \/>\n\u2022 (4 Posts no Stories do Facebook + 4 Posts no stories do Instagram)<\/p>\n<hr>\n<h3>Plano IGTV<\/h3>\n<p> \u2013 Instagram \u2013 permitido somente com a contrata\u00e7\u00e3o de planos<br \/>\ncont\u00ednuos<br \/>\nPost no IGTV do Instagram do Viva Tatuap\u00e9 com at\u00e9 90 segundos e pr\u00e9via no Feed<br \/>\n\u2022 postagem no IGVT + pr\u00e9via no Feed com v\u00eddeo enviado<br \/>\n\u2022 postagem no IGVT + pr\u00e9via no Feed com v\u00eddeo VT<\/p>\n<h3>Opcionais<\/h3>\n<p><strong>1 &#8211; Post Patrocinado<\/strong><br \/>\n\u2022 Patroc\u00ednio (impulsionamento) de posts no Facebook ou Instagram. Permitido somente com<br \/>\na contrata\u00e7\u00e3o de planos de divulga\u00e7\u00e3o.<br \/>\n\u2022 Valor sob consulta \u2013 pagamento atrav\u00e9s de transfer\u00eancia banc\u00e1ria<\/p>\n","protected":false},"excerpt":{"rendered":"<p>Plano Evento\/Unit\u00e1rio Indicado para qualquer segmento ou empresa em busca de a\u00e7\u00f5es pontuais e divulga\u00e7\u00f5es programadas. Ex. Eventos, promo\u00e7\u00f5es ou a\u00e7\u00f5es de curta dura\u00e7\u00e3o Op\u00e7\u00e3o 2 \u2022 1 post no Feed do Facebook \u2022 1 post no Feed do Instagram \u2022 1 post no Stories do Instagram \u2022 1 post no Stories do Facebook \u2022<\/p>\n","protected":false},"author":1,"featured_media":3222,"parent":0,"menu_order":0,"comment_status":"closed","ping_status":"closed","template":"","meta":{"footnotes":""},"yoast_head":"<!-- This site is optimized with the Yoast SEO plugin v23.3 - https:\/\/yoast.com\/wordpress\/plugins\/seo\/ -->\n<title>Planos de Divulga\u00e7\u00e3o - Viva Tatuap\u00e9<\/title>\n<meta name=\"robots\" content=\"index, follow, max-snippet:-1, max-image-preview:large, max-video-preview:-1\" \/>\n<link rel=\"canonical\" href=\"https:\/\/vivatatuape.com.br\/portal\/planos-de-divulgacao\/\" \/>\n<meta property=\"og:locale\" content=\"pt_BR\" \/>\n<meta property=\"og:type\" content=\"article\" \/>\n<meta property=\"og:title\" content=\"Planos de Divulga\u00e7\u00e3o - Viva Tatuap\u00e9\" \/>\n<meta property=\"og:description\" content=\"Plano Evento\/Unit\u00e1rio Indicado para qualquer segmento ou empresa em busca de a\u00e7\u00f5es pontuais e divulga\u00e7\u00f5es programadas. Ex. Eventos, promo\u00e7\u00f5es ou a\u00e7\u00f5es de curta dura\u00e7\u00e3o Op\u00e7\u00e3o 2 \u2022 1 post no Feed do Facebook \u2022 1 post no Feed do Instagram \u2022 1 post no Stories do Instagram \u2022 1 post no Stories do Facebook \u2022\" \/>\n<meta property=\"og:url\" content=\"https:\/\/vivatatuape.com.br\/portal\/planos-de-divulgacao\/\" \/>\n<meta property=\"og:site_name\" content=\"Viva Tatuap\u00e9\" \/>\n<meta property=\"article:publisher\" content=\"http:\/\/www.facebook.com\/vivatatuape\" \/>\n<meta property=\"article:modified_time\" content=\"2020-09-08T17:17:12+00:00\" \/>\n<meta property=\"og:image\" content=\"https:\/\/vivatatuape.com.br\/portal\/wp-content\/uploads\/2016\/01\/anuncie_0216-1.png\" \/>\n\t<meta property=\"og:image:width\" content=\"900\" \/>\n\t<meta property=\"og:image:height\" content=\"640\" \/>\n\t<meta property=\"og:image:type\" content=\"image\/png\" \/>\n<meta name=\"twitter:card\" content=\"summary_large_image\" \/>\n<meta name=\"twitter:site\" content=\"@viva_tatuape\" \/>\n<meta name=\"twitter:label1\" content=\"Est. tempo de leitura\" \/>\n\t<meta name=\"twitter:data1\" content=\"4 minutos\" \/>\n<script type=\"application\/ld+json\" class=\"yoast-schema-graph\">{\"@context\":\"https:\/\/schema.org\",\"@graph\":[{\"@type\":\"WebPage\",\"@id\":\"https:\/\/vivatatuape.com.br\/portal\/planos-de-divulgacao\/\",\"url\":\"https:\/\/vivatatuape.com.br\/portal\/planos-de-divulgacao\/\",\"name\":\"Planos de Divulga\u00e7\u00e3o - Viva Tatuap\u00e9\",\"isPartOf\":{\"@id\":\"https:\/\/vivatatuape.com.br\/portal\/#website\"},\"primaryImageOfPage\":{\"@id\":\"https:\/\/vivatatuape.com.br\/portal\/planos-de-divulgacao\/#primaryimage\"},\"image\":{\"@id\":\"https:\/\/vivatatuape.com.br\/portal\/planos-de-divulgacao\/#primaryimage\"},\"thumbnailUrl\":\"https:\/\/vivatatuape.com.br\/portal\/wp-content\/uploads\/2016\/01\/anuncie_0216-1.png\",\"datePublished\":\"2016-01-22T19:33:55+00:00\",\"dateModified\":\"2020-09-08T17:17:12+00:00\",\"breadcrumb\":{\"@id\":\"https:\/\/vivatatuape.com.br\/portal\/planos-de-divulgacao\/#breadcrumb\"},\"inLanguage\":\"pt-BR\",\"potentialAction\":[{\"@type\":\"ReadAction\",\"target\":[\"https:\/\/vivatatuape.com.br\/portal\/planos-de-divulgacao\/\"]}]},{\"@type\":\"ImageObject\",\"inLanguage\":\"pt-BR\",\"@id\":\"https:\/\/vivatatuape.com.br\/portal\/planos-de-divulgacao\/#primaryimage\",\"url\":\"https:\/\/vivatatuape.com.br\/portal\/wp-content\/uploads\/2016\/01\/anuncie_0216-1.png\",\"contentUrl\":\"https:\/\/vivatatuape.com.br\/portal\/wp-content\/uploads\/2016\/01\/anuncie_0216-1.png\",\"width\":900,\"height\":640},{\"@type\":\"BreadcrumbList\",\"@id\":\"https:\/\/vivatatuape.com.br\/portal\/planos-de-divulgacao\/#breadcrumb\",\"itemListElement\":[{\"@type\":\"ListItem\",\"position\":1,\"name\":\"In\u00edcio\",\"item\":\"https:\/\/vivatatuape.com.br\/portal\/\"},{\"@type\":\"ListItem\",\"position\":2,\"name\":\"Planos de Divulga\u00e7\u00e3o\"}]},{\"@type\":\"WebSite\",\"@id\":\"https:\/\/vivatatuape.com.br\/portal\/#website\",\"url\":\"https:\/\/vivatatuape.com.br\/portal\/\",\"name\":\"Viva Tatuap\u00e9\",\"description\":\"O melhor do Tatuap\u00e9 voc\u00ea encontra aqui!\",\"potentialAction\":[{\"@type\":\"SearchAction\",\"target\":{\"@type\":\"EntryPoint\",\"urlTemplate\":\"https:\/\/vivatatuape.com.br\/portal\/?s={search_term_string}\"},\"query-input\":\"required name=search_term_string\"}],\"inLanguage\":\"pt-BR\"}]}<\/script>\n<!-- \/ Yoast SEO plugin. -->","yoast_head_json":{"title":"Planos de Divulga\u00e7\u00e3o - Viva Tatuap\u00e9","robots":{"index":"index","follow":"follow","max-snippet":"max-snippet:-1","max-image-preview":"max-image-preview:large","max-video-preview":"max-video-preview:-1"},"canonical":"https:\/\/vivatatuape.com.br\/portal\/planos-de-divulgacao\/","og_locale":"pt_BR","og_type":"article","og_title":"Planos de Divulga\u00e7\u00e3o - Viva Tatuap\u00e9","og_description":"Plano Evento\/Unit\u00e1rio Indicado para qualquer segmento ou empresa em busca de a\u00e7\u00f5es pontuais e divulga\u00e7\u00f5es programadas. Ex. Eventos, promo\u00e7\u00f5es ou a\u00e7\u00f5es de curta dura\u00e7\u00e3o Op\u00e7\u00e3o 2 \u2022 1 post no Feed do Facebook \u2022 1 post no Feed do Instagram \u2022 1 post no Stories do Instagram \u2022 1 post no Stories do Facebook \u2022","og_url":"https:\/\/vivatatuape.com.br\/portal\/planos-de-divulgacao\/","og_site_name":"Viva Tatuap\u00e9","article_publisher":"http:\/\/www.facebook.com\/vivatatuape","article_modified_time":"2020-09-08T17:17:12+00:00","og_image":[{"width":900,"height":640,"url":"https:\/\/vivatatuape.com.br\/portal\/wp-content\/uploads\/2016\/01\/anuncie_0216-1.png","type":"image\/png"}],"twitter_card":"summary_large_image","twitter_site":"@viva_tatuape","twitter_misc":{"Est. tempo de leitura":"4 minutos"},"schema":{"@context":"https:\/\/schema.org","@graph":[{"@type":"WebPage","@id":"https:\/\/vivatatuape.com.br\/portal\/planos-de-divulgacao\/","url":"https:\/\/vivatatuape.com.br\/portal\/planos-de-divulgacao\/","name":"Planos de Divulga\u00e7\u00e3o - Viva Tatuap\u00e9","isPartOf":{"@id":"https:\/\/vivatatuape.com.br\/portal\/#website"},"primaryImageOfPage":{"@id":"https:\/\/vivatatuape.com.br\/portal\/planos-de-divulgacao\/#primaryimage"},"image":{"@id":"https:\/\/vivatatuape.com.br\/portal\/planos-de-divulgacao\/#primaryimage"},"thumbnailUrl":"https:\/\/vivatatuape.com.br\/portal\/wp-content\/uploads\/2016\/01\/anuncie_0216-1.png","datePublished":"2016-01-22T19:33:55+00:00","dateModified":"2020-09-08T17:17:12+00:00","breadcrumb":{"@id":"https:\/\/vivatatuape.com.br\/portal\/planos-de-divulgacao\/#breadcrumb"},"inLanguage":"pt-BR","potentialAction":[{"@type":"ReadAction","target":["https:\/\/vivatatuape.com.br\/portal\/planos-de-divulgacao\/"]}]},{"@type":"ImageObject","inLanguage":"pt-BR","@id":"https:\/\/vivatatuape.com.br\/portal\/planos-de-divulgacao\/#primaryimage","url":"https:\/\/vivatatuape.com.br\/portal\/wp-content\/uploads\/2016\/01\/anuncie_0216-1.png","contentUrl":"https:\/\/vivatatuape.com.br\/portal\/wp-content\/uploads\/2016\/01\/anuncie_0216-1.png","width":900,"height":640},{"@type":"BreadcrumbList","@id":"https:\/\/vivatatuape.com.br\/portal\/planos-de-divulgacao\/#breadcrumb","itemListElement":[{"@type":"ListItem","position":1,"name":"In\u00edcio","item":"https:\/\/vivatatuape.com.br\/portal\/"},{"@type":"ListItem","position":2,"name":"Planos de Divulga\u00e7\u00e3o"}]},{"@type":"WebSite","@id":"https:\/\/vivatatuape.com.br\/portal\/#website","url":"https:\/\/vivatatuape.com.br\/portal\/","name":"Viva Tatuap\u00e9","description":"O melhor do Tatuap\u00e9 voc\u00ea encontra aqui!","potentialAction":[{"@type":"SearchAction","target":{"@type":"EntryPoint","urlTemplate":"https:\/\/vivatatuape.com.br\/portal\/?s={search_term_string}"},"query-input":"required name=search_term_string"}],"inLanguage":"pt-BR"}]}},"_links":{"self":[{"href":"https:\/\/vivatatuape.com.br\/portal\/wp-json\/wp\/v2\/pages\/880"}],"collection":[{"href":"https:\/\/vivatatuape.com.br\/portal\/wp-json\/wp\/v2\/pages"}],"about":[{"href":"https:\/\/vivatatuape.com.br\/portal\/wp-json\/wp\/v2\/types\/page"}],"author":[{"embeddable":true,"href":"https:\/\/vivatatuape.com.br\/portal\/wp-json\/wp\/v2\/users\/1"}],"replies":[{"embeddable":true,"href":"https:\/\/vivatatuape.com.br\/portal\/wp-json\/wp\/v2\/comments?post=880"}],"version-history":[{"count":7,"href":"https:\/\/vivatatuape.com.br\/portal\/wp-json\/wp\/v2\/pages\/880\/revisions"}],"predecessor-version":[{"id":30001,"href":"https:\/\/vivatatuape.com.br\/portal\/wp-json\/wp\/v2\/pages\/880\/revisions\/30001"}],"wp:featuredmedia":[{"embeddable":true,"href":"https:\/\/vivatatuape.com.br\/portal\/wp-json\/wp\/v2\/media\/3222"}],"wp:attachment":[{"href":"https:\/\/vivatatuape.com.br\/portal\/wp-json\/wp\/v2\/media?parent=880"}],"curies":[{"name":"wp","href":"https:\/\/api.w.org\/{rel}","templated":true}]}}